e greatest common factor of 405 and 4757238?
27
Calculate the highest common divisor of 27937 and 12558.
91
What is the greatest common factor of 378 and 33192558?
378
What is the greatest common factor of 3334 and 266056534?
3334
What is the highest common divisor of 130602550 and 30?
10
Calculate the greatest common divisor of 57544344 and 14040.
2808
What is the greatest common divisor of 1149576 and 48488?
152
Calculate the highest common divisor of 3033 and 95543544.
1011
Calculate the highest common divisor of 145400 and 13400.
200
What is the greatest common factor of 9646 and 637546?
182
Calculate the highest common factor of 786677630 and 2110.
2110
What is the greatest common factor of 54 and 37208004?
6
Calculate the highest common divisor of 44 and 179735897.
11
What is the greatest common factor of 144007 and 7922?
17
Calculate the highest common factor of 6940015 and 15.
5
Calculate the highest common factor of 15224796 and 72.
36
Calculate the highest common divisor of 6586 and 21638303.
3293
Calculate the highest common divisor of 232692 and 2976.
12
Calculate the greatest common divisor of 7407413 and 793.
793
What is the greatest common divisor of 58304 and 13042787?
911
Calculate the highest common factor of 2261 and 384608.
119
What is the greatest common divisor of 1320615 and 225?
45
What is the greatest common factor of 36058 and 424948?
298
What is the highest common divisor of 1337176800 and 48?
48
Calculate the greatest common factor of 47 and 1118553.
47
What is the highest common factor of 104 and 6228547?
13
Calculate the highest common divisor of 4500 and 56750.
250
Calculate the greatest common factor of 5656 and 68389625.
101
Calculate the greatest common factor of 329 and 2047461.
47
Calculate the greatest common divisor of 23373497 and 161.
161
Calculate the highest common divisor of 123128 and 7376.
8
Calculate the greatest common factor of 312 and 810312.
24
What is the highest common divisor of 14544 and 315888?
48
Calculate the greatest common divisor of 21261060 and 10730.
290
What is the highest common divisor of 15 and 15603405?
15
Calculate the greatest common divisor of 22068 and 150624.
36
Calculate the highest common divisor of 224147 and 14.
7
Calculate the greatest common divisor of 29368 and 34088.
8
Calculate the highest common factor of 1170351 and 452361.
273
What is the greatest common factor of 403901069 and 7381?
671
What is the highest common divisor of 1016 and 5668391?
127
What is the highest common factor of 13240 and 1198720?
40
Calculate the highest common factor of 25944400 and 2160.
80
What is the highest common divisor of 8 and 20883978?
2
What is the highest common divisor of 1255019 and 79297?
443
What is the highest common divisor of 667165 and 1014730?
3995
Calculate the highest common factor of 3866878 and 846.
94
Calculate the greatest common factor of 118120130 and 3820.
1910
Calculate the highest common divisor of 294076070 and 10.
10
What is the highest common factor of 1548 and 43386183?
387
Calculate the greatest common divisor of 1668 and 436596.
12
Calculate the greatest common factor of 213785206 and 7206.
2402
Calculate the greatest common factor of 14364 and 726712.
532
What is the highest common divisor of 686151 and 15480?
387
What is the greatest common divisor of 2006 and 14093330?
118
Calculate the highest common factor of 589078422 and 18.
18
Calculate the highest common factor of 4798879 and 952.
17
What is the greatest common factor of 2597028 and 4128?
516
What is the highest common divisor of 16644136 and 985?
197
Calculate the greatest common divisor of 5 and 17808175.
5
What is the greatest common factor of 11781 and 436271?
187
Calculate the highest common divisor of 3335024 and 247632.
1232
Calculate the greatest common factor of 85075594 and 2294.
62
What is the highest common factor of 7348022 and 9196?
418
Calculate the greatest common divisor of 546 and 172931668.
182
Calculate the greatest common divisor of 171318 and 350.
14
Calculate the greatest common divisor of 6553211 and 2499.
833
Calculate the highest common divisor of 430084 and 931.
19
Calculate the highest common divisor of 4218403 and 14.
7
What is the highest common factor of 37173156 and 1586?
122
Calculate the highest common divisor of 12535 and 362710.
115
What is the greatest common factor of 637296 and 135388?
748
Calculate the highest common factor of 10735 and 8227.
19
What is the highest common divisor of 61372172 and 20?
4
What is the greatest common factor of 1120 and 302920?
40
Calculate the greatest common divisor of 454198 and 1230.
82
What is the greatest common divisor of 85844371 and 1698?
283
Calculate the greatest common divisor of 2378360 and 42920.
1480
What is the greatest common divisor of 586970135 and 1349?
1349
Calculate the highest common factor of 3645 and 17228943.
243
Calculate the greatest common factor of 71183620 and 943.
23
What is the highest common divisor of 649917 and 558?
9
What is the highest common factor of 104 and 787063576?
104
What is the highest common factor of 97468 and 262976?
28
Calculate the greatest common factor of 8082465 and 71040.
555
What is the highest common divisor of 21637 and 99?
11
What is the highest common factor of 246514 and 77822?
466
Calculate the greatest common factor of 121286962 and 17538.
5846
Calculate the highest common divisor of 2187469 and 11357.
277
Calculate the greatest common factor of 683804 and 1210.
22
Calculate the greatest common factor of 956650 and 95950.
950
What is the greatest common factor of 239643 and 387?
9
What is the highest common factor of 136950 and 58245?
165
What is the greatest common divisor of 2556294 and 68952?
1014
Calculate the greatest common factor of 27 and 1580571.
9
Calculate the highest common factor of 847179 and 1377.
81
What is the highest common divisor of 90 and 1887810?
30
What is the highest common divisor of 2 and 268388882?
2
What is the highest common divisor of 15683896 and 1146224?
8072
What is the highest common divisor of 1799244 and 66092?
164
What is the greatest common factor of 29 and 500288657?
29
What is the highest common factor of 51871578 and 6072?
1518
What is the highest common divisor of 30014 and 214054?
86
What is the highest common divisor of 1294336 and 1419776?
512
What is the highest common divisor of 6333 and 3073?
1
What is the greatest common factor of 2844 and 58956?
12
Calculate the highest common divisor of 169624990 and 2920.
730
What is the greatest common divisor of 128604 and 140?
28
Calculate the highest common factor of 283997564 and 3064.
1532
Calculate the greatest common divisor of 67905360 and 2960.
2960
Calculate the highest common factor of 43677508 and 154.
14
What is the highest common factor of 8711765 and 44945?
445
What is the greatest common divisor of 2967986 and 535906?
1414
Calculate the greatest common divisor of 31640456 and 106628.
5612
What is the greatest common factor of 3408 and 875643?
213
What is the greatest common divisor of 77646312 and 48?
24
What is the greatest common divisor of 7851 and 5538778437?
7851
What is the highest common divisor of 1991250 and 1050?
150
What is the highest common factor of 12336645 and 891123?
5151
What is the highest common factor of 125048 and 534499?
203
What is the highest common divisor of 1193543918 and 84?
14
Calculate the highest common factor of 1388165 and 19435.
115
Calculate the highest common factor of 206 and 33804497.
103
Calculate the greatest common divisor of 41026441 and 13677.
4559
Calculate the greatest common divisor of 23542550 and 4395.
1465
What is the highest common divisor of 1023 and 4916879?
341
Calculate the greatest common factor of 120081 and 7503523.
3079
Calculate the greatest common factor of 8547524 and 4976.
1244
What is the highest common divisor of 63441 and 35298?
477
What is the highest common divisor of 1239165 and 6408?
9
Calculate the highest common factor of 8438710 and 97730.
290
Calculate the greatest common factor of 14070072 and 32100.
1284
What is the greatest common factor of 50 and 26149600?
50
What is the highest common factor of 562 and 25310513?
281
Calculate the greatest common divisor of 11 and 8439090.
11
What 